). Suppose 8*f - 126 = c. What is the remainder when f is divided by 30?
29
Suppose -18*d = -6*d - 444. What is the remainder when 244 is divided by d?
22
Let u(z) = -65*z + 58. Calculate the remainder when u(-2) is divided by 59.
11
Let t = 42 - 15. Let r = -20645 - -20750. Calculate the remainder when r is divided by t.
24
Suppose 13*u = 451 + 407. Calculate the remainder when 107 is divided by u.
41
Suppose -4*y - 10740 = -0*y - 3*d, 5*d = 20. What is the remainder when y/(-27) + 4/6 is divided by 15?
10
Suppose 0 = -0*l + 8*l - 464. Calculate the remainder when l is divided by 16.
10
Let z = -6 + 14. Suppose -268 = -z*p + 108. What is the remainder when p is divided by 18?
11
Suppose 6*w + 14 = 56. Suppose w*v - 2*v - 60 = 0. What is the remainder when 33 is divided by v?
9
Let l = -5 + -21. What is the remainder when (-29)/2*-1*2 is divided by 714/91 + (-4)/l?
5
Suppose -14*y = -13*y + 2*g - 5, -47 = -3*y + 2*g. Calculate the remainder when 99 is divided by y.
8
Let f(d) = -7*d + 55. Let v be f(18). Let n = v - -90. What is the remainder when 72 is divided by n?
15
Let s(c) = -55*c**3 - 2*c**2 - 22*c - 39. Calculate the remainder when s(-2) is divided by 63.
59
Suppose -o - w + 22 = -47, -3*o = w - 201. Suppose -3*v = -5*p - 283, 66 = 3*v - 2*v + 4*p. Let j = -68 + v. Calculate the remainder when o is divided by j.
12
Suppose -f + 3*p = -22 + 1, 3*f - 73 = -p. Calculate the remainder when 167 is divided by f.
23
Suppose 2*u + 101 = 2*c + u, 5*u = 5. Suppose 11 = -2*q + c. Suppose q = -4*w, k + 10 = 2*k + w. Calculate the remainder when k is divided by 6.
3
Let g be 46/10 + 3/(-5). Let x be (4 - g)*(2 - 1). Suppose x*u - 50 = -5*u. What is the remainder when u is divided by 4?
2
Let l(q) = -13*q + 8. Let j be -4 + 1 - (7 - 6). Let x be l(j). Suppose 3*c + c = x. What is the remainder when c is divided by 9?
6
What is the remainder when 22 is divided by 39/2*(-34)/(-51)?
9
Suppose -5*w = 4*i + 106, -2*w - 3*i + 3 - 51 = 0. Let o = w + 71. What is the remainder when o is divided by 28?
25
Let w(h) = 16*h - 3. Let v be w(6). Calculate the remainder when v/4 - 2/8 is divided by (7/(-28))/(3/(-144)).
11
Suppose d = 2*p, 0 = -5*d - 3*p + 4*p + 36. Let h = 2 + d. What is the remainder when (-702)/(-78) - (-2 - 17) is divided by h?
8
Let k(w) = 28*w**2 + 3*w + 2. Calculate the remainder when k(1) is divided by 23.
10
Let v be (96/54)/(-4)*(-9)/2. What is the remainder when (-10)/(-1)*(98/5 - v) is divided by 59?
58
Suppose -n = 5*h - 6855, -h + 5*n = -308 - 1037. Calculate the remainder when h is divided by 98.
96
Let x(h) = -5*h - 6. Let n(v) = 2*v**3 - v**2 + 1. Let r be n(2). Let l = r + -8. Calculate the remainder when x(-3) is divided by l.
4
Let l(b) = -4*b + 7. Let q be l(2). Let s(x) = -7*x**3 + x**2 - 2*x - 2. What is the remainder when 53 is divided by s(q)?
5
Suppose -2*g + 26 = -g. Suppose 0*k = 5*k + 25, -4*d = 4*k + 8. Suppose 0 = s - d*n, 4*n + 19 + 6 = 3*s. Calculate the remainder when g is divided by s.
11
Calculate the remainder when (-3656)/(-28) + (-20)/35 is divided by 42.
4
Let g = 165 - 108. What is the remainder when g is divided by 20 + 2 - (4 - 2)?
17
Suppose -4*d + 95 = d. Suppose -4*v = -9*v. Suppose -5*f + c = -v*c - 180, -36 = -f + 2*c. What is the remainder when f is divided by d?
17
Let t = -99 + 162. Calculate the remainder when 184 is divided by t.
58
Let m be (0 - 4/(-6))*15. Suppose -5*u = -m*u + 60. Suppose 5*t = -3*i + u, 0 = -0*t + 3*t. What is the remainder when 6 is divided by i?
2
Let f(p) = -9*p - 1. Let c = -791 - -822. What is the remainder when c is divided by f(-2)?
14
Let s = 948 + -937. Suppose -4*q + 5*o + 35 = -1, -3*q = 2*o - 4. Calculate the remainder when (-173)/(-4) + (-1)/q is divided by s.
10
Let c be (-235)/(-15) - (-2)/6. Let t = 84 + -42. What is the remainder when t is divided by (c - 0) + 0 + -1?
12
Suppose v - 25 = -2*n, 0 = -v + 3*v - 2*n - 20. What is the remainder when v is divided by 9?
6
Suppose 2*u + 14 = -0*u - 3*l, 3*u + 21 = 2*l. Calculate the remainder when (-32 - -16)/(2/u) is divided by 12.
8
Suppose -2*d + 5*t + 205 = 0, 2*d + 5*t = 198 + 57. Calculate the remainder when d is divided by 6.
1
Let q = -132 + 281. What is the remainder when q is divided by 50?
49
Suppose 5*v = 3 - 18. Suppose 0 = 8*r - 9*r - 23. Let s = v - r. What is the remainder when 57 is divided by s?
17
What is the remainder when ((-476)/(-24) - -1) + 7/42 is divided by 8?
5
Suppose -182 = 3*o - o + 2*l, -3*o - 274 = 2*l. Let m = o - -113. Suppose 3*x + 43 - 280 = 0. What is the remainder when x is divided by m?
16
Calculate the remainder when 0 + 3 + (207 - (2 - 3)) is divided by 47.
23
What is the remainder when 38 is divided by (-6)/(-15) - 240/(-25)?
8
Let o = -746 + 755. Calculate the remainder when o is divided by 3.
0
Let g(n) = n**3 - 19*n**2 + 4*n - 4. Calculate the remainder when 355 is divided by g(19).
67
Suppose 1224 = -r + 5*r. Let s = r + -131. Suppose -5*w + s = 4*x, 3 = -w + 6. Calculate the remainder when x is divided by 14.
12
Let x = 0 + 2. Suppose y - 63 = 2*u + x*u, -3*y - 5*u = -223. Let w(h) = h**3 - 34*h**2 - 35*h + 18. What is the remainder when y is divided by w(35)?
17
Let d(n) = 2*n**2 + 28*n + 14. Suppose 2*u + 0*u - 68 = 0. What is the remainder when u is divided by d(-14)?
6
Let r(f) = -f**3 + 5*f**2 + 7*f - 4. Let t be r(6). Let j be 2 + -2 + 46 + t. Suppose -p = -4*p + j. What is the remainder when 45 is divided by p?
13
What is the remainder when (-3 - (-381)/3)/2 is divided by 21?
20
Let k(q) = -q. Let s be k(11). Let j = -7 - s. Suppose 3 = -b - j*u, -2*b - 2*u + 15 = -u. What is the remainder when 34 is divided by b?
7
Suppose 3*c - 4*c + 6 = 0. Suppose -4*d + d = -c. Suppose -3*x + 99 = 3*t, -t + d*t - x = 33. What is the remainder when t is divided by 12?
9
Let y(i) = -24*i + 421. What is the remainder when 230 is divided by y(17)?
9
Calculate the remainder when 105/(-4 + 1)*-2 is divided by 13.
5
Calculate the remainder when 1451 is divided by 8/(-6)*(-45738)/504.
120
Let u = -1212 + 1235. What is the remainder when 219 is divided by u?
12
Let n = -76 + 158. Calculate the remainder when 573 is divided by n.
81
Let f be 2/(-3) + 102/18. Let c(d) = 3*d + 28*d**2 + f + 6*d + 1 - 4*d. Calculate the remainder when c(-2) is divided by 37.
34
Let v(p) = 21*p - 113. Let z(u) = u - 8. Let j be z(10). Calculate the remainder when (55 - 2) + j + -4 is divided by v(6).
12
Let l(j) = -8*j - 13. What is the remainder when 137 is divided by l(-8)?
35
Suppose 3*u = -0*u + 12, y - 43 = 5*u. Calculate the remainder when y is divided by 22.
19
Let m(y) = -y**3 + 11*y**2 - 11*y + 14. Let g be m(10). Suppose 2*u + g*h - 62 = 4*u, -u - h = 16. Calculate the remainder when 5 is divided by 6/u + 48/21.
1
What is the remainder when -105*(-12)/20 + -6 + 0 is divided by 12?
9
Calculate the remainder when ((-17)/((-357)/4564))/((-16)/(-12)) is divided by 8.
3
Let v(o) = -o**3 - 8*o**2 - 2*o - 12. Let j(f) = 0*f + 1 + 4*f + 5*f. Let n be j(-1). What is the remainder when 10 is divided by v(n)?
2
Suppose 7*c + 16 - 102 = 40. Let x(u) = 14*u + 1. Let b be x(1). Let g = b - 10. Calculate the remainder when c is divided by g.
3
Suppose 3*n + 2*n = 85. Suppose -22 = -2*l - 0*o - 4*o, 2*l - 4*o + 2 = 0. Suppose -l*k + 10*k = 25. What is the remainder when n is divided by k?
2
What is the remainder when 225 is divided by ((-12)/21)/((-12)/714)?
21
Calculate the remainder when (0 + (-264)/10)*(-18 - -13) is divided by 23.
17
Let p = 159 + -155. Calculate the remainder when 9 is divided by p.
1
Suppose -2*h + 7*h + 95 = 0. Let p = h - -35. Let l = 18 + 43. What is the remainder when l is divided by p?
13
What is the remainder when (-21)/12*(-250)/(-35)*-12 is divided by 62?
26
Suppose -99 - 226 = -13*g. What is the remainder when 95 is divided by g?
20
Let o(i) = -7*i + 64. What is the remainder when o(-26) is divided by 19?
18
Suppose -1 = -d + 5. Suppose 73 = 7*z - d*z. Calculate the remainder when z is divided by 15.
13
Suppose -5*n = -10, f - 12 = -0*f + n. Suppose 320 = f*u - 9*u. Suppose 3*g = -19 + u. What is the remainder when 57 is divided by g?
12
Let y(i) = i**3 - 46*i**2 - 4*i + 205. Calculate the remainder when 102 is divided by y(46).
18
Let z(b) = 5 - 6*b - 10 - 15. Suppose 0 = 4*